{"id":13,"date":"2022-09-29T21:14:48","date_gmt":"2022-09-29T21:14:48","guid":{"rendered":"https:\/\/caivenezia.it\/s\/?page_id=13"},"modified":"2026-04-13T11:26:05","modified_gmt":"2026-04-13T09:26:05","slug":"segreteria-e-sede","status":"publish","type":"page","link":"https:\/\/caivenezia.it\/s\/la-sezione\/segreteria-e-sede\/","title":{"rendered":"Segreteria e sede"},"content":{"rendered":"<p>La segreteria \u00e8 aperta ai soci:<br \/>\n<strong>mercoled\u00ec<\/strong> dalle 17:00 alle 19:00 e<br \/>\n<strong>venerd\u00ec<\/strong> dalle 18:00 alle 20:00<\/p>\n<p>La sede sociale e la segreteria della Sezione si trovano a Venezia Cannaregio 252\/A, in Campo San Geremia, a lato della Chiesa di Santa Lucia.<br \/>\nTelefono 041 716900 (in orario di apertura)<\/p>\n","protected":false},"excerpt":{"rendered":"<p>La segreteria \u00e8 aperta ai soci: mercoled\u00ec dalle 17:00 alle 19:00 e venerd\u00ec dalle 18:00 alle 20:00 La sede sociale e la segreteria della Sezione si trovano a Venezia Cannaregio 252\/A, in Campo San Geremia, a lato della Chiesa di Santa Lucia. Telefono 041 716900 (in orario di apertura)<\/p>\n","protected":false},"author":1,"featured_media":0,"parent":9,"menu_order":0,"comment_status":"closed","ping_status":"closed","template":"","meta":{"footnotes":""},"class_list":["post-13","page","type-page","status-publish","hentry"],"_links":{"self":[{"href":"https:\/\/caivenezia.it\/s\/wp-json\/wp\/v2\/pages\/13","targetHints":{"allow":["GET"]}}],"collection":[{"href":"https:\/\/caivenezia.it\/s\/wp-json\/wp\/v2\/pages"}],"about":[{"href":"https:\/\/caivenezia.it\/s\/wp-json\/wp\/v2\/types\/page"}],"author":[{"embeddable":true,"href":"https:\/\/caivenezia.it\/s\/wp-json\/wp\/v2\/users\/1"}],"replies":[{"embeddable":true,"href":"https:\/\/caivenezia.it\/s\/wp-json\/wp\/v2\/comments?post=13"}],"version-history":[{"count":25,"href":"https:\/\/caivenezia.it\/s\/wp-json\/wp\/v2\/pages\/13\/revisions"}],"predecessor-version":[{"id":1341,"href":"https:\/\/caivenezia.it\/s\/wp-json\/wp\/v2\/pages\/13\/revisions\/1341"}],"up":[{"embeddable":true,"href":"https:\/\/caivenezia.it\/s\/wp-json\/wp\/v2\/pages\/9"}],"wp:attachment":[{"href":"https:\/\/caivenezia.it\/s\/wp-json\/wp\/v2\/media?parent=13"}],"curies":[{"name":"wp","href":"https:\/\/api.w.org\/{rel}","templated":true}]}}