{"id":223,"date":"2023-11-15T22:00:55","date_gmt":"2023-11-15T21:00:55","guid":{"rendered":"https:\/\/caivenezia.it\/s\/?page_id=223"},"modified":"2025-08-13T20:19:56","modified_gmt":"2025-08-13T18:19:56","slug":"rifugio-venezia-albamaria-de-luca-al-pelmo","status":"publish","type":"page","link":"https:\/\/caivenezia.it\/s\/rifugi-e-bivacchi\/rifugio-venezia-albamaria-de-luca-al-pelmo\/","title":{"rendered":"Rifugio Venezia &#8211; Albamaria de Luca al Pelmo"},"content":{"rendered":"<h2><img loading=\"lazy\" decoding=\"async\" class=\"alignnone wp-image-788\" src=\"https:\/\/caivenezia.it\/s\/wp-content\/uploads\/2024\/11\/Rif.-Venezia-300x285.jpg\" alt=\"\" width=\"404\" height=\"384\" srcset=\"https:\/\/caivenezia.it\/s\/wp-content\/uploads\/2024\/11\/Rif.-Venezia-300x285.jpg 300w, https:\/\/caivenezia.it\/s\/wp-content\/uploads\/2024\/11\/Rif.-Venezia.jpg 536w\" sizes=\"auto, (max-width: 404px) 100vw, 404px\" \/><\/h2>\n<p><strong>Gruppo montuoso:<\/strong> Pelmo<br \/>\n<strong>Altitudine:<\/strong> 1946 m. slm<br \/>\n<strong>Localit\u00e0:<\/strong> Prati di Rutorto (Comune di Vodo di Cadore)<br \/>\n<strong>Posti letto:<\/strong> 62 + 10 nel locale invernale<br \/>\n<strong>Periodo di apertura:<\/strong> 20\/06 &#8211; 20\/09<br \/>\n<strong>Telefono:<\/strong> +39 043 69684<br \/>\n<strong>E-mail:<\/strong> <a href=\"https:\/\/web.archive.org\/web\/20220305052602\/mailto:rifugio.venezia@libero.it\">rifugio.veneziapelmo@gmail.com<\/a><br \/>\n<strong>Sito web:<\/strong> <a href=\"https:\/\/web.archive.org\/web\/20220305052602\/http:\/\/www.rifugiovenezia.it\/\" target=\"_new\" rel=\"noopener\">http:\/\/www.rifugiovenezia.it<\/a><br \/>\n<strong>Gestore:<\/strong> Barbara Feltrin<\/p>\n<p><strong>C.I.N .<\/strong> IT025066B83R2FNXFS<\/p>\n<h2>Itinerari di accesso<\/h2>\n<p><span style=\"color: #ff0000;\"><strong>&#8211; ATTENZIONE &#8211; Il sentiero 493 che da Zopp\u00e8 di Cadore porta al rifugio Venezia \u00e8 stato ripristinato. Resta interdetto in caso di pioggia.<\/strong><\/span><\/p>\n<p>Da VODO DI CADORE:<br \/>\na) rotabile parzialmente asfaltata fino a Casera Ciauta (m. 1552), poi per sentiero 475 fino al Rif. Venezia. Ore 1 e 30 min.<br \/>\nb) rotabile parzialmente asfaltata fino al Rif. Talamini. Proseguire in direzione Zopp\u00e9 per F.lla Ciandolada fino al bivio per Rif. Venezia (m.1578). Seguire la mulattiera 493 poi 471 fino al Rif. Venezia. Ore 1 e 30 min. dal bivio.<\/p>\n<p>Da BORCA DI CADORE:<br \/>\na) dalla S.S.51 scendere alla borgata di Villanova, oltrepassarla e proseguire per la strada, prima asfaltata e poi sterrata fino ad uno spiazzo con pi\u00f9 cartelli indicatori (m.1271, localit\u00e0 Tiera), seguire il segnavia 470 per il Rif. Venezia. Ore 2 e 30 min. da Tiera.<br \/>\nb) nella borgata di Villanova lasciate sulla dx una chiesetta bianca, proseguite fino a trovare una fontana posta ad un incrocio (m. 975); a sx per segnavia 475 Casera Ciuta &#8211; Rif. Venezia. Ore 3.00.<\/p>\n<p>Da SAN VITO DI CADORE:<br \/>\ndalla borgata di Serdes (m.993) seguire le indicazioni per Rif. Venezia fino alla rotabile proveniente da BORCA (lettera a). Ore 3 e 15 min. circa.<\/p>\n<p>Da ZOPPE&#8217; DI CADORE (m.1460):<br \/>\na) dal paese, in localit\u00e0 Sagui, per segnavia 471. Ore 1 e 15 min. circa.<br \/>\nb) oltrepassare il paese fino al bivio per il Rif. Venezia, a sx per segnavia 493 poi 471 fino al Rifugio. Ore 1.30 circa.<\/p>\n<p>Da COI (m.1500):<br \/>\na) per sentiero con segnavia 473 fino all&#8217;incrocio con il sentiero 472. Seguire questo verso EST fino al rif. Venezia. Ore 1.30.<br \/>\nb) accesso pi\u00f9 diretto e pi\u00f9 facile da Zopp\u00e9 per il segnavia 471 o 493, dislivello m. 450, tempo di percorrenza ore 1.30 (Riferimento Cartografico, Tabacco 1:25.000, n. 025). Lo stesso accesso \u00e8 valido anche per Mountain bike.<\/p>\n<p>Da PALAFAVERA (m.1550):<br \/>\nper sentiero 474 fino all&#8217;incrocio con il 472. Seguire verso EST fino al Rifugio Venezia. Ore 1.45 circa.<\/p>\n<p>Dal PASSO STAULANZA (m.1766):<br \/>\nseguire il sentiero 472 in direzione SE fino al Rifugio Venezia. Ore 2.30 circa.<\/p>\n<h3>Ascensioni<\/h3>\n<p>Via Normale al Monte Pelmo<br \/>\nTutte le vie del versante Sud<\/p>\n<h3>Traversate<\/h3>\n<p>Anello del Pelmo<br \/>\nRif. Citt\u00e0 di Fiume per la Forcella Val d&#8217;Arcia<\/p>\n<h2><strong>Nota Bene<\/strong><br \/>\nLa richiesta di disponibilit\u00e0 per il pernotto e le prenotazioni vanno indirizzate direttamente al gestore del Rifugio.<\/h2>\n","protected":false},"excerpt":{"rendered":"<p>Gruppo montuoso: Pelmo Altitudine: 1946 m. slm Localit\u00e0: Prati di Rutorto (Comune di Vodo di Cadore) Posti letto: 62 + 10 nel locale invernale Periodo di apertura: 20\/06 &#8211; 20\/09 Telefono: +39 043 69684 E-mail: rifugio.veneziapelmo@gmail.com Sito web: http:\/\/www.rifugiovenezia.it Gestore: Barbara Feltrin C.I.N . IT025066B83R2FNXFS Itinerari di accesso &#8211; ATTENZIONE &#8211; Il sentiero 493 che &hellip; <\/p>\n<p class=\"link-more\"><a href=\"https:\/\/caivenezia.it\/s\/rifugi-e-bivacchi\/rifugio-venezia-albamaria-de-luca-al-pelmo\/\" class=\"more-link\">Leggi tutto<span class=\"screen-reader-text\"> &#8220;Rifugio Venezia &#8211; Albamaria de Luca al Pelmo&#8221;<\/span><\/a><\/p>\n","protected":false},"author":1,"featured_media":0,"parent":61,"menu_order":0,"comment_status":"closed","ping_status":"closed","template":"","meta":{"footnotes":""},"class_list":["post-223","page","type-page","status-publish","hentry"],"_links":{"self":[{"href":"https:\/\/caivenezia.it\/s\/wp-json\/wp\/v2\/pages\/223","targetHints":{"allow":["GET"]}}],"collection":[{"href":"https:\/\/caivenezia.it\/s\/wp-json\/wp\/v2\/pages"}],"about":[{"href":"https:\/\/caivenezia.it\/s\/wp-json\/wp\/v2\/types\/page"}],"author":[{"embeddable":true,"href":"https:\/\/caivenezia.it\/s\/wp-json\/wp\/v2\/users\/1"}],"replies":[{"embeddable":true,"href":"https:\/\/caivenezia.it\/s\/wp-json\/wp\/v2\/comments?post=223"}],"version-history":[{"count":18,"href":"https:\/\/caivenezia.it\/s\/wp-json\/wp\/v2\/pages\/223\/revisions"}],"predecessor-version":[{"id":1115,"href":"https:\/\/caivenezia.it\/s\/wp-json\/wp\/v2\/pages\/223\/revisions\/1115"}],"up":[{"embeddable":true,"href":"https:\/\/caivenezia.it\/s\/wp-json\/wp\/v2\/pages\/61"}],"wp:attachment":[{"href":"https:\/\/caivenezia.it\/s\/wp-json\/wp\/v2\/media?parent=223"}],"curies":[{"name":"wp","href":"https:\/\/api.w.org\/{rel}","templated":true}]}}